{"id":114,"date":"2009-07-08T16:19:57","date_gmt":"2009-07-08T14:19:57","guid":{"rendered":"http:\/\/www.preukaz.sk\/?page_id=114"},"modified":"2019-07-07T09:38:30","modified_gmt":"2019-07-07T07:38:30","slug":"vek-na-udelenie-vodicskeho-opravnenia","status":"publish","type":"page","link":"https:\/\/preukaz.sk\/index.php\/vodicsky-preukaz\/vek-na-udelenie-vodicskeho-opravnenia\/","title":{"rendered":"Vek na udelenie vodi\u010dsk\u00e9ho opr\u00e1vnenia | Vodi\u010dsk\u00fd preukaz"},"content":{"rendered":"<p><strong>Minim\u00e1lny vek na udelenie vodi\u010dsk\u00e9ho opr\u00e1vnenia je:<\/strong><\/p>\n<p> \u2022 15 rokov pre \u017eiadate\u013ea o udelenie vodi\u010dsk\u00e9ho opr\u00e1vnenia skupiny AM,<\/p>\n<p> \u2022 16 rokov pre \u017eiadate\u013ea o udelenie vodi\u010dsk\u00e9ho opr\u00e1vnenia podskupiny A1 a B1,<\/p>\n<p> \u2022 17 rokov pre \u017eiadate\u013ea o udelenie vodi\u010dsk\u00e9ho opr\u00e1vnenia skupiny T,<\/p>\n<p> \u2022 18 rokov pre \u017eiadate\u013ea o udelenie vodi\u010dsk\u00e9ho opr\u00e1vnenia skupiny A na vedenie motorov\u00e9ho vozidla s v\u00fdkonommotora nepresahuj\u00facim 25 kWalebo s pomerom v\u00fdkon\/najv\u00e4\u010d\u0161ia pr\u00edpustn\u00e1 celkov\u00e1 hmotnos\u0165 nepresahuj\u00facim 0,16 kW\/kg alebo motocykla s postrann\u00fdm voz\u00edkom s pomerom v\u00fdkon\/najv\u00e4\u010d\u0161ia pr\u00edpustn\u00e1 celkov\u00e1 hmotnos\u0165 nepresahuj\u00facim 0,16 kW\/kg, skupiny B, B+E, C, C+E a podskupiny C1 a C1+E,<\/p>\n<p> \u2022 21 rokov pre \u017eiadate\u013ea o udelenie vodi\u010dsk\u00e9ho opr\u00e1vnenia skupiny A bez obmedzen\u00ed pod\u013ea predch\u00e1dzaj\u00faceho bodu, skupiny D, D+E a podskupiny D1 a D1+E,<\/p>\n<p>Vodi\u010dsk\u00e9 opr\u00e1vnenie skupiny A bez obmedzen\u00ed mo\u017eno udeli\u0165 aj osobe, ktor\u00e1 je dr\u017eite\u013eom vodi\u010dsk\u00e9ho opr\u00e1vnenia skupiny A s obmedzeniami pod\u013ea \u0161tvrt\u00e9ho bodu, a ktor\u00e1 predlo\u017e\u00ed \u010destn\u00e9 vyhl\u00e1senie o tom, \u017ee m\u00e1 najmenej dvojro\u010dn\u00fa prax vo veden\u00ed tak\u00e9hoto motorov\u00e9ho vozidla. Tak\u00e1to osoba sa nemus\u00ed podrobi\u0165 pr\u00edprave na vedenie motorov\u00e9ho vozidla v auto\u0161kole.<\/p>\n<p>Osobe s \u0165a\u017ek\u00fdm zdravotn\u00fdm postihnut\u00edm mo\u017eno udeli\u0165 vodi\u010dsk\u00e9 opr\u00e1vnenie skupiny B a skupiny B+E, ak dov\u0155\u0161ila vek 17 rokov.<\/p>\n","protected":false},"excerpt":{"rendered":"<p>Minim\u00e1lny vek na udelenie vodi\u010dsk\u00e9ho opr\u00e1vnenia je: \u2022 15 rokov pre \u017eiadate\u013ea o udelenie vodi\u010dsk\u00e9ho opr\u00e1vnenia skupiny AM, \u2022 16 rokov pre \u017eiadate\u013ea o udelenie vodi\u010dsk\u00e9ho opr\u00e1vnenia podskupiny A1 a B1, \u2022 17 rokov pre \u017eiadate\u013ea o udelenie vodi\u010dsk\u00e9ho opr\u00e1vnenia skupiny T, \u2022 18 rokov pre \u017eiadate\u013ea o udelenie vodi\u010dsk\u00e9ho opr\u00e1vnenia skupiny A na vedenie [&hellip;]<\/p>\n","protected":false},"author":1,"featured_media":0,"parent":62,"menu_order":26,"comment_status":"closed","ping_status":"closed","template":"","meta":{"spay_email":"","footnotes":""},"_links":{"self":[{"href":"https:\/\/preukaz.sk\/index.php\/wp-json\/wp\/v2\/pages\/114"}],"collection":[{"href":"https:\/\/preukaz.sk\/index.php\/wp-json\/wp\/v2\/pages"}],"about":[{"href":"https:\/\/preukaz.sk\/index.php\/wp-json\/wp\/v2\/types\/page"}],"author":[{"embeddable":true,"href":"https:\/\/preukaz.sk\/index.php\/wp-json\/wp\/v2\/users\/1"}],"replies":[{"embeddable":true,"href":"https:\/\/preukaz.sk\/index.php\/wp-json\/wp\/v2\/comments?post=114"}],"version-history":[{"count":1,"href":"https:\/\/preukaz.sk\/index.php\/wp-json\/wp\/v2\/pages\/114\/revisions"}],"predecessor-version":[{"id":633,"href":"https:\/\/preukaz.sk\/index.php\/wp-json\/wp\/v2\/pages\/114\/revisions\/633"}],"up":[{"embeddable":true,"href":"https:\/\/preukaz.sk\/index.php\/wp-json\/wp\/v2\/pages\/62"}],"wp:attachment":[{"href":"https:\/\/preukaz.sk\/index.php\/wp-json\/wp\/v2\/media?parent=114"}],"curies":[{"name":"wp","href":"https:\/\/api.w.org\/{rel}","templated":true}]}}

Vek na udelenie vodičského oprávnenia | Vodičský preukaz

<p><strong>Minimálny vek na udelenie vodičského oprávnenia je:</strong></p>
<p> • 15 rokov pre žiadateľa o udelenie vodičského oprávnenia skupiny AM,</p>
<p> • 16 rokov pre žiadateľa o udelenie vodičského oprávnenia podskupiny A1 a B1,</p>
<p> • 17 rokov pre žiadateľa o udelenie vodičského oprávnenia skupiny T,</p>
<p> • 18 rokov pre žiadateľa o udelenie vodičského oprávnenia skupiny A na vedenie motorového vozidla s výkonommotora nepresahujúcim 25 kWalebo s pomerom výkon/najväčšia prípustná celková hmotnosť nepresahujúcim 0,16 kW/kg alebo motocykla s postranným vozíkom s pomerom výkon/najväčšia prípustná celková hmotnosť nepresahujúcim 0,16 kW/kg, skupiny B, B+E, C, C+E a podskupiny C1 a C1+E,</p>
<p> • 21 rokov pre žiadateľa o udelenie vodičského oprávnenia skupiny A bez obmedzení podľa predchádzajúceho bodu, skupiny D, D+E a podskupiny D1 a D1+E,</p>
<p>Vodičské oprávnenie skupiny A bez obmedzení možno udeliť aj osobe, ktorá je držiteľom vodičského oprávnenia skupiny A s obmedzeniami podľa štvrtého bodu, a ktorá predloží čestné vyhlásenie o tom, že má najmenej dvojročnú prax vo vedení takéhoto motorového vozidla. Takáto osoba sa nemusí podrobiť príprave na vedenie motorového vozidla v autoškole.</p>
<p>Osobe s ťažkým zdravotným postihnutím možno udeliť vodičské oprávnenie skupiny B a skupiny B+E, ak dovŕšila vek 17 rokov.</p>

<p>Minimálny vek na udelenie vodičského oprávnenia je: • 15 rokov pre žiadateľa o udelenie vodičského oprávnenia skupiny AM, • 16 rokov pre žiadateľa o udelenie vodičského oprávnenia podskupiny A1 a B1, • 17 rokov pre žiadateľa o udelenie vodičského oprávnenia skupiny T, • 18 rokov pre žiadateľa o udelenie vodičského oprávnenia skupiny A na vedenie [&hellip;]</p>
