{"id":120,"date":"2009-07-08T17:40:13","date_gmt":"2009-07-08T15:40:13","guid":{"rendered":"http:\/\/www.preukaz.sk\/?page_id=120"},"modified":"2019-07-07T09:38:14","modified_gmt":"2019-07-07T07:38:14","slug":"odborna-sposobilost","status":"publish","type":"page","link":"https:\/\/preukaz.sk\/index.php\/vodicsky-preukaz\/odborna-sposobilost\/","title":{"rendered":"Odborn\u00e1 sp\u00f4sobilos\u0165 | Vodi\u010dsk\u00fd preukaz"},"content":{"rendered":"<p>Odbornou sp\u00f4sobilos\u0165ou sa rozumie ovl\u00e1danie pravidiel cestnej prem\u00e1vky a vedenia vozidla. Odborn\u00e1 sp\u00f4sobilos\u0165 sa zis\u0165uje sk\u00fa\u0161kou, ktor\u00e1 sa sklad\u00e1 z:<br \/>\n \u2022 predpisov o cestnej prem\u00e1vke,<br \/>\n \u2022 n\u00e1uky o vozidl\u00e1ch a ich \u00fadr\u017ebe u \u017eiadate\u013eov o udelenie vodi\u010dsk\u00e9ho opr\u00e1vnenia skupiny C, C+E, D, D+E a T a podskupiny C1, C1+E, D1 a D1+E,<br \/>\n \u2022 vedenia motorov\u00fdch vozidiel.<\/p>\n<p>T\u00fato sk\u00fa\u0161ku zabezpe\u010duje ministerstvo vn\u00fatra prostredn\u00edctvom sk\u00fa\u0161obn\u00fdch komis\u00e1rov a \u017eiadate\u013ea na \u0148u prihlasuje auto\u0161kola, v ktorej sa podrobil pr\u00edprave na vedenie motorov\u00e9ho vozidla.                           <\/p>\n<p>Pred vykonan\u00edm sk\u00fa\u0161ky z odbornej sp\u00f4sobilosti je \u017eiadate\u013e povinn\u00fd preuk\u00e1za\u0165 svoju toto\u017enos\u0165 a splnenie t\u00fdchto podmienok na udelenie vodi\u010dsk\u00e9ho opr\u00e1vnenia:<br \/>\n \u2022 dosiahol vek ustanoven\u00fd z\u00e1konom na udelenie vodi\u010dsk\u00e9ho opr\u00e1vnenia,<br \/>\n \u2022 \u010destn\u00fdm vyhl\u00e1sen\u00edm alebo inak d\u00f4veryhodne preuk\u00e1\u017ee, \u017ee na \u00fazem\u00ed SR m\u00e1 zvy\u010dajn\u00e9 bydlisko, alebo dokladom o \u0161t\u00fadiu preuk\u00e1\u017ee, \u017ee \u0161tuduje na \u00fazem\u00ed SR viac ako \u0161es\u0165 mesiacov,<br \/>\n \u2022 je zdravotne sp\u00f4sobil\u00fd,<br \/>\n \u2022 je psychicky sp\u00f4sobil\u00fd,<br \/>\n \u2022 podrobil sa pr\u00edprave na vedenie motorov\u00e9ho vozidla v auto\u0161kole, ak tento z\u00e1kon neustanovuje inak.<\/p>\n<p>Odborn\u00fa sp\u00f4sobilos\u0165 nez\u00edska ten, kto nezlo\u017e\u00ed \u010do len jednu z \u010dast\u00ed sk\u00fa\u0161ky.  <\/p>\n","protected":false},"excerpt":{"rendered":"<p>Odbornou sp\u00f4sobilos\u0165ou sa rozumie ovl\u00e1danie pravidiel cestnej prem\u00e1vky a vedenia vozidla. Odborn\u00e1 sp\u00f4sobilos\u0165 sa zis\u0165uje sk\u00fa\u0161kou, ktor\u00e1 sa sklad\u00e1 z: \u2022 predpisov o cestnej prem\u00e1vke, \u2022 n\u00e1uky o vozidl\u00e1ch a ich \u00fadr\u017ebe u \u017eiadate\u013eov o udelenie vodi\u010dsk\u00e9ho opr\u00e1vnenia skupiny C, C+E, D, D+E a T a podskupiny C1, C1+E, D1 a D1+E, \u2022 vedenia motorov\u00fdch [&hellip;]<\/p>\n","protected":false},"author":1,"featured_media":0,"parent":62,"menu_order":29,"comment_status":"closed","ping_status":"closed","template":"","meta":{"spay_email":"","footnotes":""},"_links":{"self":[{"href":"https:\/\/preukaz.sk\/index.php\/wp-json\/wp\/v2\/pages\/120"}],"collection":[{"href":"https:\/\/preukaz.sk\/index.php\/wp-json\/wp\/v2\/pages"}],"about":[{"href":"https:\/\/preukaz.sk\/index.php\/wp-json\/wp\/v2\/types\/page"}],"author":[{"embeddable":true,"href":"https:\/\/preukaz.sk\/index.php\/wp-json\/wp\/v2\/users\/1"}],"replies":[{"embeddable":true,"href":"https:\/\/preukaz.sk\/index.php\/wp-json\/wp\/v2\/comments?post=120"}],"version-history":[{"count":1,"href":"https:\/\/preukaz.sk\/index.php\/wp-json\/wp\/v2\/pages\/120\/revisions"}],"predecessor-version":[{"id":630,"href":"https:\/\/preukaz.sk\/index.php\/wp-json\/wp\/v2\/pages\/120\/revisions\/630"}],"up":[{"embeddable":true,"href":"https:\/\/preukaz.sk\/index.php\/wp-json\/wp\/v2\/pages\/62"}],"wp:attachment":[{"href":"https:\/\/preukaz.sk\/index.php\/wp-json\/wp\/v2\/media?parent=120"}],"curies":[{"name":"wp","href":"https:\/\/api.w.org\/{rel}","templated":true}]}}