{"id":124,"date":"2009-07-08T17:44:03","date_gmt":"2009-07-08T15:44:03","guid":{"rendered":"http:\/\/www.preukaz.sk\/?page_id=124"},"modified":"2019-07-07T09:38:09","modified_gmt":"2019-07-07T07:38:09","slug":"psychicka-sposobilost","status":"publish","type":"page","link":"https:\/\/preukaz.sk\/index.php\/vodicsky-preukaz\/psychicka-sposobilost\/","title":{"rendered":"Psychick\u00e1 sp\u00f4sobilos\u0165 | Vodi\u010dsk\u00fd preukaz"},"content":{"rendered":"<p>Psychickou sp\u00f4sobilos\u0165ou sa rozumie schopnos\u0165 vies\u0165 motorov\u00e9 vozidlo bez zn\u00ed\u017eenia, naru\u0161enia alebo obmedzenia minim\u00e1lnej \u00farovne psychick\u00fdch schopnost\u00ed.<\/p>\n<p>Psychick\u00e1 sp\u00f4sobilos\u0165 sa posudzuje psychologick\u00fdm vy\u0161etren\u00edm psychol\u00f3gom s certifik\u00e1tom na certifikovan\u00fa \u010dinnos\u0165 dopravn\u00e1 psychol\u00f3gia <\/p>\n<p>Psychologick\u00e9mu vy\u0161etreniu je povinn\u00fd podrobi\u0165 sa:<br \/>\n \u2022 \u017eiadate\u013e o udelenie vodi\u010dsk\u00e9ho opr\u00e1vnenia skupiny C, C + E, D, D + E a podskupiny C1, C1 + E, D1 a D1 + E a<br \/>\n \u2022 in\u00e1 osoba, ktorej tak\u00e1 povinnos\u0165 vypl\u00fdva zo z\u00e1kona.<\/p>\n<p><strong>Pravideln\u00e9 psychologick\u00e9 vy\u0161etrenia<\/strong><br \/>\nPravideln\u00fdm psychologick\u00fdm vy\u0161etreniam sa musia ka\u017ed\u00fdch p\u00e4\u0165 rokov a po dosiahnut\u00ed veku 65 rokov ka\u017ed\u00e9 dva roky podrobova\u0165 vodi\u010di, ktor\u00ed:<br \/>\n \u2022 ved\u00fa motorov\u00e9 vozidlo skupiny C, C + E, D a D + E a podskupiny C1, C1 + E, D1 a D1 + E,<br \/>\n \u2022 vodi\u010di, ktor\u00ed ved\u00fa vozidlo s pr\u00e1vom prednostnej jazdy, motorov\u00e9 vozidlo vyu\u017e\u00edvan\u00e9 na zasielate\u013estvo a taxislu\u017ebu a na poskytovanie po\u0161tov\u00fdch slu\u017eieb.<\/p>\n<p>T\u00edto vodi\u010di musia ma\u0165 pri veden\u00ed motorov\u00e9ho vozidla pri sebe aj doklad o psychickej sp\u00f4sobilosti a na v\u00fdzvu policajta s\u00fa povinn\u00ed sa n\u00edm preuk\u00e1za\u0165. Doklad nesmie by\u0165 star\u0161\u00ed ako p\u00e4\u0165 rokov, a ak ide o vodi\u010dov star\u0161\u00edch ako 65 rokov, nesmie by\u0165 star\u0161\u00ed ako dva roky.<\/p>\n","protected":false},"excerpt":{"rendered":"<p>Psychickou sp\u00f4sobilos\u0165ou sa rozumie schopnos\u0165 vies\u0165 motorov\u00e9 vozidlo bez zn\u00ed\u017eenia, naru\u0161enia alebo obmedzenia minim\u00e1lnej \u00farovne psychick\u00fdch schopnost\u00ed. Psychick\u00e1 sp\u00f4sobilos\u0165 sa posudzuje psychologick\u00fdm vy\u0161etren\u00edm psychol\u00f3gom s certifik\u00e1tom na certifikovan\u00fa \u010dinnos\u0165 dopravn\u00e1 psychol\u00f3gia Psychologick\u00e9mu vy\u0161etreniu je povinn\u00fd podrobi\u0165 sa: \u2022 \u017eiadate\u013e o udelenie vodi\u010dsk\u00e9ho opr\u00e1vnenia skupiny C, C + E, D, D + E a podskupiny C1, [&hellip;]<\/p>\n","protected":false},"author":1,"featured_media":0,"parent":62,"menu_order":30,"comment_status":"closed","ping_status":"closed","template":"","meta":{"spay_email":"","footnotes":""},"_links":{"self":[{"href":"https:\/\/preukaz.sk\/index.php\/wp-json\/wp\/v2\/pages\/124"}],"collection":[{"href":"https:\/\/preukaz.sk\/index.php\/wp-json\/wp\/v2\/pages"}],"about":[{"href":"https:\/\/preukaz.sk\/index.php\/wp-json\/wp\/v2\/types\/page"}],"author":[{"embeddable":true,"href":"https:\/\/preukaz.sk\/index.php\/wp-json\/wp\/v2\/users\/1"}],"replies":[{"embeddable":true,"href":"https:\/\/preukaz.sk\/index.php\/wp-json\/wp\/v2\/comments?post=124"}],"version-history":[{"count":1,"href":"https:\/\/preukaz.sk\/index.php\/wp-json\/wp\/v2\/pages\/124\/revisions"}],"predecessor-version":[{"id":629,"href":"https:\/\/preukaz.sk\/index.php\/wp-json\/wp\/v2\/pages\/124\/revisions\/629"}],"up":[{"embeddable":true,"href":"https:\/\/preukaz.sk\/index.php\/wp-json\/wp\/v2\/pages\/62"}],"wp:attachment":[{"href":"https:\/\/preukaz.sk\/index.php\/wp-json\/wp\/v2\/media?parent=124"}],"curies":[{"name":"wp","href":"https:\/\/api.w.org\/{rel}","templated":true}]}}