{"id":217,"date":"2010-09-23T01:49:05","date_gmt":"2010-09-22T23:49:05","guid":{"rendered":"http:\/\/www.preukaz.sk\/"},"modified":"2010-09-23T01:49:05","modified_gmt":"2010-09-22T23:49:05","slug":"vydanie-zbrojneho-preukazu","status":"publish","type":"page","link":"https:\/\/preukaz.sk\/index.php\/zbrojny-preukaz\/vydanie-zbrojneho-preukazu\/","title":{"rendered":"Vydanie zbrojn\u00e9ho preukazu"},"content":{"rendered":"<p>Policajn\u00fd \u00fatvar vyd\u00e1 zbrojn\u00fd preukaz fyzickej osobe, ktor\u00e1<\/p>\n<ol>\n<li>p\u00edsomne po\u017eiadala o jeho vydanie,<\/li>\n<li>je plne sp\u00f4sobil\u00e1 na pr\u00e1vne \u00fakony,<\/li>\n<li>dosiahla predp\u00edsan\u00fd vek,<\/li>\n<li>je bez\u00fahonn\u00e1 a spo\u013eahliv\u00e1,<\/li>\n<li>lek\u00e1rskym posudkom preuk\u00e1zala zdravotn\u00fa sp\u00f4sobilos\u0165 dr\u017ea\u0165 alebo nosi\u0165 zbra\u0148 a strelivo,<\/li>\n<li>preuk\u00e1zala odborn\u00fa sp\u00f4sobilos\u0165 dr\u017ea\u0165 alebo nosi\u0165 zbra\u0148 a strelivo vykonan\u00edm sk\u00fa\u0161ky pred sk\u00fa\u0161obnou komisiou,<\/li>\n<li>m\u00e1 miesto pobytu na \u00fazem\u00ed Slovenskej republiky,<\/li>\n<li>v konan\u00ed o vydanie zbrojn\u00e9ho preukazu preuk\u00e1zala potrebu dr\u017ea\u0165 alebo nosi\u0165 zbra\u0148 a strelivo.<\/li>\n<\/ol>\n","protected":false},"excerpt":{"rendered":"<p>Policajn\u00fd \u00fatvar vyd\u00e1 zbrojn\u00fd preukaz fyzickej osobe, ktor\u00e1 p\u00edsomne po\u017eiadala o jeho vydanie, je plne sp\u00f4sobil\u00e1 na pr\u00e1vne \u00fakony, dosiahla predp\u00edsan\u00fd vek, je bez\u00fahonn\u00e1 a spo\u013eahliv\u00e1, lek\u00e1rskym posudkom preuk\u00e1zala zdravotn\u00fa sp\u00f4sobilos\u0165 dr\u017ea\u0165 alebo nosi\u0165 zbra\u0148 a strelivo, preuk\u00e1zala odborn\u00fa sp\u00f4sobilos\u0165 dr\u017ea\u0165 alebo nosi\u0165 zbra\u0148 a strelivo vykonan\u00edm sk\u00fa\u0161ky pred sk\u00fa\u0161obnou komisiou, m\u00e1 miesto pobytu na [&hellip;]<\/p>\n","protected":false},"author":1,"featured_media":0,"parent":215,"menu_order":0,"comment_status":"closed","ping_status":"open","template":"template-page-fullwidth.php","meta":{"spay_email":"","footnotes":""},"_links":{"self":[{"href":"https:\/\/preukaz.sk\/index.php\/wp-json\/wp\/v2\/pages\/217"}],"collection":[{"href":"https:\/\/preukaz.sk\/index.php\/wp-json\/wp\/v2\/pages"}],"about":[{"href":"https:\/\/preukaz.sk\/index.php\/wp-json\/wp\/v2\/types\/page"}],"author":[{"embeddable":true,"href":"https:\/\/preukaz.sk\/index.php\/wp-json\/wp\/v2\/users\/1"}],"replies":[{"embeddable":true,"href":"https:\/\/preukaz.sk\/index.php\/wp-json\/wp\/v2\/comments?post=217"}],"version-history":[{"count":0,"href":"https:\/\/preukaz.sk\/index.php\/wp-json\/wp\/v2\/pages\/217\/revisions"}],"up":[{"embeddable":true,"href":"https:\/\/preukaz.sk\/index.php\/wp-json\/wp\/v2\/pages\/215"}],"wp:attachment":[{"href":"https:\/\/preukaz.sk\/index.php\/wp-json\/wp\/v2\/media?parent=217"}],"curies":[{"name":"wp","href":"https:\/\/api.w.org\/{rel}","templated":true}]}}