{"id":233,"date":"2010-09-23T02:06:28","date_gmt":"2010-09-23T00:06:28","guid":{"rendered":"http:\/\/www.preukaz.sk\/"},"modified":"2019-07-07T09:37:22","modified_gmt":"2019-07-07T07:37:22","slug":"nakupne-povolenie","status":"publish","type":"page","link":"https:\/\/preukaz.sk\/index.php\/zbrojny-preukaz\/nakupne-povolenie\/","title":{"rendered":"N\u00e1kupn\u00e9 povolenie | Zbrojn\u00fd preukaz"},"content":{"rendered":"<p>Nadobudn\u00fa\u0165 vlastn\u00edctvo zbrane kateg\u00f3rie A alebo zbrane kateg\u00f3rie B s v\u00fdnimkou dedenia mo\u017eno len za podmienok ustanoven\u00fdch v z\u00e1kone o streln\u00fdch zbraniach a strelive a to na z\u00e1klade n\u00e1kupn\u00e9ho povolenia; to neplat\u00ed na v\u00fdvoj, v\u00fdrobu, ni\u010denie, znehodnotenie, v\u00fdrobu rezu, n\u00e1kup a predaj zbrane v r\u00e1mci vykon\u00e1vania koncesovan\u00fdch \u017eivnost\u00ed na \u00faseku zbran\u00ed a streliva. N\u00e1kupn\u00e9 povolenie vyd\u00e1va okresn\u00e9 riadite\u013estvo Policajn\u00e9ho zboru pod\u013ea mieta pobytu \u017eiadate\u013ea.<\/p>\n<h3>Podanie \u017eiadosti<\/h3>\n<p>N\u00e1kupn\u00e9 povolenie vyd\u00e1 policajn\u00fd \u00fatvar dr\u017eite\u013eovi zbrojn\u00e9ho preukazu, zodpovednej osobe dr\u017eite\u013ea zbrojnej licencie alebo \u017eiadate\u013eovi o trval\u00fd v\u00fdvoz zbrane na z\u00e1klade p\u00edsomnej \u017eiadosti, ktor\u00e1 obsahuje<\/p>\n<ul>\n<li> osobn\u00e9 \u00fadaje \u017eiadate\u013ea (meno a priezvisko, rodn\u00e9 \u010d\u00edslo, d\u00e1tum narodenia, miesto pobytu); ak je \u017eiadate\u013eom dr\u017eite\u013e zbrojnej licencie, n\u00e1zov, s\u00eddlo alebo miesto podnikania, identifika\u010dn\u00e9 \u010d\u00edslo a osobn\u00e9 \u00fadaje zodpovednej osoby dr\u017eite\u013ea zbrojnej licencie,<\/li>\n<li> \u010d\u00edslo dokladu toto\u017enosti \u017eiadate\u013ea alebo zodpovednej osoby dr\u017eite\u013ea zbrojnej licencie, u cudzinca \u010d\u00edslo cestovn\u00e9ho dokladu alebo dokladu nahr\u00e1dzaj\u00faceho cestovn\u00fd doklad,<\/li>\n<li> druh zbrane,<\/li>\n<li> skupinu zbrojn\u00e9ho preukazu alebo zbrojnej licencie, \u010d\u00edslo zbrojn\u00e9ho preukazu alebo zbrojnej licencie a n\u00e1zov policajn\u00e9ho \u00fatvaru, ktor\u00fd zbrojn\u00fd preukaz alebo zbrojn\u00fa licenciu vydal, ak je \u017eiadate\u013eom dr\u017eite\u013e zbrojn\u00e9ho preukazu alebo zbrojnej licencie,<\/li>\n<li> ak ide o nadobudnutie vlastn\u00edctva zbrane kateg\u00f3rie B, od\u00f4vodnenie \u017eiadosti pod\u013ea nasledovn\u00e9ho odseku; to neplat\u00ed, ak ide o \u017eiadate\u013ea o trval\u00fd v\u00fdvoz.<\/li>\n<\/ul>\n<h3>Vydanie n\u00e1kupn\u00e9ho povolenia<\/h3>\n<p>D\u00f4vodom na vydanie n\u00e1kupn\u00e9ho povolenia na nadobudnutie vlastn\u00edctva zbrane kateg\u00f3rie B je<br \/>\nnadob\u00fadanie zbierkov\u00fdch predmetov alebo vykon\u00e1vanie zberate\u013eskej \u010dinnosti,<br \/>\nuskuto\u010d\u0148ovanie \u0161portovej, po\u013eovn\u00edckej, kult\u00farnej alebo inej z\u00e1ujmovej \u010dinnosti alebo pr\u00edprava na bud\u00face povolanie,<br \/>\nochrana \u017eivota, zdravia alebo majetku alebo<br \/>\nv\u00fdkon zamestnania alebo opr\u00e1vnenia pod\u013ea osobitn\u00e9ho predpisu.<\/p>\n<p>\u017diadate\u013e o n\u00e1kupn\u00e9 povolenie na nadobudnutie vlastn\u00edctva zbrane kateg\u00f3rie A k \u017eiadosti prilo\u017e\u00ed udelen\u00fa v\u00fdnimku.<\/p>\n<p>Okresn\u00e9 riadite\u013estvo Policajn\u00e9ho zboru vyd\u00e1 n\u00e1kupn\u00e9 povolenie na \u010das nevyhnutne potrebn\u00fd na nadobudnutie vlastn\u00edctva zbrane, najdlh\u0161ie v\u0161ak na dva mesiace; ak nebolo vlastn\u00edctvo zbrane nadobudnut\u00e9 v tejto lehote, je dr\u017eite\u013e n\u00e1kupn\u00e9ho povolenia povinn\u00fd n\u00e1kupn\u00e9 povolenie vr\u00e1ti\u0165 policajn\u00e9mu \u00fatvaru, ktor\u00fd ho vydal, a to do siedmich dn\u00ed odo d\u0148a uplynutia doby jeho platnosti.<\/p>\n<h3>Zaevidovanie zbrane<\/h3>\n<p>Dr\u017eite\u013e zbrojn\u00e9ho preukazu alebo zbrojnej licencie, ktor\u00fd nadobudne vlastn\u00edctvo zbrane kateg\u00f3rie A alebo zbrane kateg\u00f3rie B, je povinn\u00fd nadobudnutie vlastn\u00edctva zbrane ozn\u00e1mi\u0165 a doru\u010di\u0165 diel A n\u00e1kupn\u00e9ho povolenia policajn\u00e9mu \u00fatvaru, ktor\u00fd vydal n\u00e1kupn\u00e9 povolenie, do siedmich dn\u00ed odo d\u0148a nadobudnutia vlastn\u00edctva zbrane. Z\u00e1rove\u0148 je povinn\u00fd v lehote pod\u013ea predch\u00e1dzaj\u00facej vety predlo\u017ei\u0165 zbra\u0148 na zaevidovanie alebo odovzda\u0165 ju do \u00faschovy policajn\u00e9mu \u00fatvaru; v pr\u00edpade nadobudnutia vlastn\u00edctva zbrane deden\u00edm za\u010dne lehota plyn\u00fa\u0165 d\u0148om, ke\u010f rozhodnutie s\u00fadu o dedi\u010dstve nadobudlo pr\u00e1voplatnos\u0165.<\/p>\n","protected":false},"excerpt":{"rendered":"<p>Nadobudn\u00fa\u0165 vlastn\u00edctvo zbrane kateg\u00f3rie A alebo zbrane kateg\u00f3rie B s v\u00fdnimkou dedenia mo\u017eno len za podmienok ustanoven\u00fdch v z\u00e1kone o streln\u00fdch zbraniach a strelive a to na z\u00e1klade n\u00e1kupn\u00e9ho povolenia; to neplat\u00ed na v\u00fdvoj, v\u00fdrobu, ni\u010denie, znehodnotenie, v\u00fdrobu rezu, n\u00e1kup a predaj zbrane v r\u00e1mci vykon\u00e1vania koncesovan\u00fdch \u017eivnost\u00ed na \u00faseku zbran\u00ed a streliva. N\u00e1kupn\u00e9 povolenie [&hellip;]<\/p>\n","protected":false},"author":1,"featured_media":0,"parent":215,"menu_order":0,"comment_status":"closed","ping_status":"closed","template":"","meta":{"spay_email":"","footnotes":""},"_links":{"self":[{"href":"https:\/\/preukaz.sk\/index.php\/wp-json\/wp\/v2\/pages\/233"}],"collection":[{"href":"https:\/\/preukaz.sk\/index.php\/wp-json\/wp\/v2\/pages"}],"about":[{"href":"https:\/\/preukaz.sk\/index.php\/wp-json\/wp\/v2\/types\/page"}],"author":[{"embeddable":true,"href":"https:\/\/preukaz.sk\/index.php\/wp-json\/wp\/v2\/users\/1"}],"replies":[{"embeddable":true,"href":"https:\/\/preukaz.sk\/index.php\/wp-json\/wp\/v2\/comments?post=233"}],"version-history":[{"count":1,"href":"https:\/\/preukaz.sk\/index.php\/wp-json\/wp\/v2\/pages\/233\/revisions"}],"predecessor-version":[{"id":624,"href":"https:\/\/preukaz.sk\/index.php\/wp-json\/wp\/v2\/pages\/233\/revisions\/624"}],"up":[{"embeddable":true,"href":"https:\/\/preukaz.sk\/index.php\/wp-json\/wp\/v2\/pages\/215"}],"wp:attachment":[{"href":"https:\/\/preukaz.sk\/index.php\/wp-json\/wp\/v2\/media?parent=233"}],"curies":[{"name":"wp","href":"https:\/\/api.w.org\/{rel}","templated":true}]}}