{"id":492,"date":"2016-11-12T12:19:05","date_gmt":"2016-11-12T11:19:05","guid":{"rendered":"http:\/\/www.preukaz.sk\/?page_id=492"},"modified":"2019-07-07T09:39:20","modified_gmt":"2019-07-07T07:39:20","slug":"dorucenie-obcianskeho-preukazu-na-adresu","status":"publish","type":"page","link":"https:\/\/preukaz.sk\/index.php\/obciansky-preukaz\/dorucenie-obcianskeho-preukazu-na-adresu\/","title":{"rendered":"Doru\u010denie ob\u010dianskeho preukazu na adresu | Ob\u010diansky preukaz"},"content":{"rendered":"<p>&nbsp;<\/p>\n<ul>\n<li>ob\u010dan si m\u00f4\u017ee prevzia\u0165 ob\u010diansky preukaz na ktoromko\u013evek okresnom riadite\u013estve, ktor\u00e9 uviedol pri podan\u00ed\u00a0\u017eiadosti o\u00a0vydanie ob\u010dianskeho preukazu, alebo ob\u010dan m\u00f4\u017ee po\u017eiada\u0165 o\u00a0doru\u010denie ob\u010dianskeho preukazu na adresu na \u00fazem\u00ed\u00a0Slovenskej republiky slu\u017ebou zavedenou na tento \u00fa\u010del,<\/li>\n<li>ob\u010dan je\u00a0povinn\u00fd odovzda\u0165 ob\u010diansky preukaz pri podan\u00ed \u017eiadosti o\u00a0vydanie nov\u00e9ho ob\u010dianskeho preukazu, ak \u017eiada o\u00a0doru\u010denie ob\u010dianskeho preukazu slu\u017ebou zavedenou na tento \u00fa\u010del. V\u00a0pr\u00edpade, ak toto ob\u010dan odmietne, doru\u010denie ob\u010dianskeho preukazu na adresu mu nebude umo\u017enen\u00e9,<\/li>\n<li>ob\u010dan si ob\u010diansky preukaz prevezme osobne, pri\u010dom pri preberan\u00ed ob\u010dianskeho preukazu na adrese, ktor\u00fa si ur\u010dil pri podan\u00ed \u017eiadosti o\u00a0vydanie ob\u010dianskeho preukazu bude vyzvan\u00fd kuri\u00e9rom v\u00a0zmysle v\u0161eobecn\u00fdch po\u0161tov\u00fdch podmienok, aby preuk\u00e1zal svoju toto\u017enos\u0165 a\u00a0to niektor\u00fdm z nasledovn\u00fdch sp\u00f4sobov: platn\u00fdm potvrden\u00edm o\u00a0ob\u010dianskom preukaze, vydan\u00fdm pr\u00edslu\u0161n\u00fdm \u00fatvarom Policajn\u00e9ho zboru v\u00a0spojen\u00ed s\u00a0in\u00fdm preukazom obsahuj\u00facim fotografiu; \u017eiados\u0165ou o vydanie ob\u010dianskeho preukazu v\u00a0spojen\u00ed s\u00a0in\u00fdm preukazom obsahuj\u00facim fotografiu; platn\u00fdm cestovn\u00fdm dokladom (cestovn\u00fd pas, diplomatick\u00fd pas, slu\u017eobn\u00fd pas),<\/li>\n<li>za ob\u010dana m\u00f4\u017ee aj v\u00a0pr\u00edpade doru\u010denia na adresu ob\u010diansky preukaz prevzia\u0165 bl\u00edzka osoba, z\u00e1konn\u00fd z\u00e1stupca a\u00a0taktie\u017e in\u00e1 osoba, po predlo\u017een\u00ed svojho ob\u010dianskeho preukazu a\u00a0plnomocenstva na zastupovanie s\u00a0osved\u010den\u00fdm podpisom,<\/li>\n<li>ak sa ob\u010dan nebude v\u00a0dohodnutom \u010dase doru\u010denia nach\u00e1dza\u0165 na adrese, ob\u010diansky preukaz mu bude doru\u010den\u00fd na oddelenie dokladov okresn\u00e9ho riadite\u013estva Policajn\u00e9ho zboru, na ktorom si ob\u010dan \u017eiados\u0165 o\u00a0vydanie ob\u010dianskeho preukazu podal, pr\u00edpadne na oddelenie dokladov, ktor\u00e9 uviedol ako miesto n\u00e1hradn\u00e9ho doru\u010denia,<\/li>\n<li>doru\u010dovanie ob\u010dianskych preukazov na adresu bude vykon\u00e1va\u0165 Slovensk\u00e1 po\u0161ta, a. s., pri\u010dom pre\u00a0pr\u00edpad poskytovania inform\u00e1ci\u00ed o\u00a0z\u00e1sielke boli pre ob\u010danov zriaden\u00e9 kontaktn\u00e9 telef\u00f3nne \u010d\u00edsla: <strong>0903233233<\/strong>, <strong>0903553593<\/strong> a\u00a0<strong>02\/49222630,<\/strong><\/li>\n<li>ak si ob\u010dan pri podan\u00ed \u017eiadosti o\u00a0vydanie ob\u010dianskeho preukazu zadal kontaktn\u00e9 \u00fadaje (sms, email), pri prevzat\u00ed z\u00e1sielky kuri\u00e9rom\u00a0sa mu automaticky vygeneruje spr\u00e1va, ktor\u00e1 obsahuje \u010d. z\u00e1sielky s jeho ob\u010dianskym preukazom. Ob\u010dan m\u00e1 od tohto momentu mo\u017enos\u0165 sledova\u0165 pohyb z\u00e1sielky na internetovej str\u00e1nke Slovenskej po\u0161ty, a. s. http:\/\/tandt.posta.sk\/.<\/li>\n<\/ul>\n","protected":false},"excerpt":{"rendered":"<p>&nbsp; ob\u010dan si m\u00f4\u017ee prevzia\u0165 ob\u010diansky preukaz na ktoromko\u013evek okresnom riadite\u013estve, ktor\u00e9 uviedol pri podan\u00ed\u00a0\u017eiadosti o\u00a0vydanie ob\u010dianskeho preukazu, alebo ob\u010dan m\u00f4\u017ee po\u017eiada\u0165 o\u00a0doru\u010denie ob\u010dianskeho preukazu na adresu na \u00fazem\u00ed\u00a0Slovenskej republiky slu\u017ebou zavedenou na tento \u00fa\u010del, ob\u010dan je\u00a0povinn\u00fd odovzda\u0165 ob\u010diansky preukaz pri podan\u00ed \u017eiadosti o\u00a0vydanie nov\u00e9ho ob\u010dianskeho preukazu, ak \u017eiada o\u00a0doru\u010denie ob\u010dianskeho preukazu slu\u017ebou zavedenou na [&hellip;]<\/p>\n","protected":false},"author":1,"featured_media":0,"parent":8,"menu_order":0,"comment_status":"closed","ping_status":"closed","template":"","meta":{"spay_email":"","footnotes":""},"_links":{"self":[{"href":"https:\/\/preukaz.sk\/index.php\/wp-json\/wp\/v2\/pages\/492"}],"collection":[{"href":"https:\/\/preukaz.sk\/index.php\/wp-json\/wp\/v2\/pages"}],"about":[{"href":"https:\/\/preukaz.sk\/index.php\/wp-json\/wp\/v2\/types\/page"}],"author":[{"embeddable":true,"href":"https:\/\/preukaz.sk\/index.php\/wp-json\/wp\/v2\/users\/1"}],"replies":[{"embeddable":true,"href":"https:\/\/preukaz.sk\/index.php\/wp-json\/wp\/v2\/comments?post=492"}],"version-history":[{"count":1,"href":"https:\/\/preukaz.sk\/index.php\/wp-json\/wp\/v2\/pages\/492\/revisions"}],"predecessor-version":[{"id":638,"href":"https:\/\/preukaz.sk\/index.php\/wp-json\/wp\/v2\/pages\/492\/revisions\/638"}],"up":[{"embeddable":true,"href":"https:\/\/preukaz.sk\/index.php\/wp-json\/wp\/v2\/pages\/8"}],"wp:attachment":[{"href":"https:\/\/preukaz.sk\/index.php\/wp-json\/wp\/v2\/media?parent=492"}],"curies":[{"name":"wp","href":"https:\/\/api.w.org\/{rel}","templated":true}]}}