{"id":520,"date":"2016-11-12T13:08:44","date_gmt":"2016-11-12T12:08:44","guid":{"rendered":"http:\/\/www.preukaz.sk\/?page_id=520"},"modified":"2019-07-07T09:39:57","modified_gmt":"2019-07-07T07:39:57","slug":"zaruceny-elektronicky-podpis-zep","status":"publish","type":"page","link":"https:\/\/preukaz.sk\/index.php\/obciansky-preukaz\/zaruceny-elektronicky-podpis-zep\/","title":{"rendered":"Zaru\u010den\u00fd elektronick\u00fd podpis ZEP | Ob\u010diansky preukaz"},"content":{"rendered":"<h3>Inform\u00e1cia pre dr\u017eite\u013eov eID kariet, ktor\u00ed chc\u00fa vyu\u017e\u00edva\u0165 aj zaru\u010den\u00fd elektronick\u00fd podpis ZEP<\/h3>\n<p>&nbsp;<\/p>\n<h4>\u010co je ZEP?<\/h4>\n<p>Zaru\u010den\u00fd elektronick\u00fd podpis je inform\u00e1cia pripojen\u00e1 alebo inak logicky spojen\u00e1 s elektronick\u00fdm dokumentom, ktor\u00e1 pri splnen\u00ed podmienok upraven\u00fdch z\u00e1konom \u010d. 215\/2002 Z. z. o elektronickom podpise, umo\u017e\u0148uje spo\u013eahlivo a jednozna\u010dne ur\u010di\u0165 fyzick\u00fa osobu, ktor\u00e1 ho vyhotovila.<\/p>\n<p>Pomocou ZEP-u je mo\u017en\u00e9 elektronicky realizova\u0165 pr\u00e1vne \u00fakony, ktor\u00e9 v papierovom svete vy\u017eaduj\u00fa p\u00edsomn\u00fa formu (\u00a7 40 ods. 4 z\u00e1kona \u010d. 40\/1964 Z. z. Ob\u010diansky z\u00e1konn\u00edk). ZEP teda nahr\u00e1dza p\u00edsomn\u00fa podobu vlastnoru\u010dn\u00e9ho podpisu pri \u00fakonoch uskuto\u010d\u0148ovan\u00fdch pri elektronickej komunik\u00e1cii s verejnou spr\u00e1vou i komer\u010dn\u00fdm sektorom.<\/p>\n<p>Vydanie kvalifikovan\u00e9ho certifik\u00e1tu na tvorbu ZEP v\u00e1m pracovisko oddelenia dokladov okresn\u00e9ho riadite\u013estva Policajn\u00e9ho zboru pon\u00fakne pri preberan\u00ed nov\u00e9ho ob\u010dianskeho preukazu vo forme elektronickej identifika\u010dnej karty (eID karty).<\/p>\n<h4>ZEP dokumentu zabezpe\u010duje:<\/h4>\n<p>\u25cf autenticitu \u2013 mo\u017eno overi\u0165 p\u00f4vodnos\u0165 &#8211; identitu subjektu, ktor\u00e9mu patr\u00ed elektronick\u00fd podpis; \u25cf integritu \u2013 mo\u017enos\u0165 preuk\u00e1za\u0165, \u017ee po podp\u00edsan\u00ed elektronick\u00e9ho dokumentu nedo\u0161lo k \u017eiadnej zmene, dokument nebol \u00famyselne zmenen\u00fd alebo ne\u00famyselne po\u0161koden\u00fd; \u25cf nepopierate\u013enos\u0165 \u2013 autor nem\u00f4\u017ee odmietnu\u0165 zodpovednos\u0165 za jeho podpis pripojen\u00fd k elektronick\u00e9mu dokumentu.<\/p>\n<h4>Ako s\u00favis\u00ed eID so ZEP-om?<\/h4>\n<p>Elektronick\u00e1 identifika\u010dn\u00e1 karta \/eID karta\/ je z poh\u013eadu z\u00e1kona \u010d. 215\/2002 Z. z. o elektronickom podpise certifikovan\u00fdm produktom pre elektronick\u00fd podpis sl\u00fa\u017eiacim na ulo\u017eenie kryptografick\u00fdch k\u013e\u00fa\u010dov a kvalifikovan\u00e9ho certifik\u00e1tu vyu\u017e\u00edvan\u00fdch na tvorbu ZEP. Ako vytvor\u00edte ZEP prostredn\u00edctvom eID? Ak ste sa rozhodli pre vydanie kvalifikovan\u00e9ho certifik\u00e1tu, tak na vytvorenie ZEP prostredn\u00edctvom eID karty potrebujete v nej ulo\u017een\u00e9 kryptografick\u00e9 k\u013e\u00fa\u010de, elektronick\u00fd dokument a aplik\u00e1ciu na vytv\u00e1ranie ZEP. Podmienkou je ma\u0165 nain\u0161talovan\u00fd softv\u00e9r pre pr\u00e1cu s eID kartou a \u010d\u00edta\u010dku \u010dipov\u00fdch kariet kompatibiln\u00fa s eID kartou. <strong>Softv\u00e9rov\u00e9\u00a0vybavenie pre eID kartu si m\u00f4\u017eete <a href=\"http:\/\/www.preukaz.sk\/obciansky-preukaz\/softver-pre-pouzivatelov-elektronickych-obcianskych-preukazov\/\">stiahnu\u0165 <\/a><\/strong><\/p>\n<p>Rovnako je d\u00f4le\u017eit\u00e9, aby ste zadali svoj bezpe\u010dnostn\u00fd osobn\u00fd k\u00f3d\u00a0\/BOK\/ a ZEP PIN k eID. Vytvorenie samotn\u00e9ho podpisu spo\u010d\u00edva v spusten\u00ed aplik\u00e1cie na podpisovanie elektronick\u00fdch dokumentov, v\u00fdbere certifik\u00e1tu a zadan\u00ed BOK a ZEP PIN.<br \/>\nPri elektronickej komunik\u00e1cii cez \u00dastredn\u00fd port\u00e1l verejnej spr\u00e1vy (www.slovensko.sk)\u00a0sa nain\u0161talovan\u00e1 aplik\u00e1cia na podpisovanie automaticky sp\u00fa\u0161\u0165a v\u017edy, ak sa vy\u017eaduje\u00a0podp\u00edsanie elektronick\u00e9ho dokumentu ZEP-om.<\/p>\n<h3>Kde m\u00f4\u017eete ZEP vyu\u017ei\u0165?<\/h3>\n<p>ZEP je mo\u017en\u00e9 vyu\u017ei\u0165 pri elektronickej komunik\u00e1cii cez \u00dastredn\u00fd port\u00e1l verejnej spr\u00e1vy (www.slovensko.sk) s obchodn\u00fdm \u010di \u017eivnostensk\u00fdm registrom, katastrom nehnute\u013enost\u00ed, s not\u00e1rmi, exek\u00fatormi, at\u010f. Takisto pri priamej komunik\u00e1cii s da\u0148ovou a colnou sekciou Finan\u010dn\u00e9ho riadite\u013estva SR, so s\u00fadmi \u010di \u0161tatistick\u00fdm \u00faradom. ZEP bude mo\u017en\u00e9 vyu\u017ei\u0165 pri komunik\u00e1cii prostredn\u00edctvom elektronick\u00fdch slu\u017eieb.<\/p>\n<h3>Z\u00e1sady bezpe\u010dn\u00e9ho pou\u017e\u00edvania eID karty<\/h3>\n<p>\u25cf Svoju eID kartu si ukladajte na bezpe\u010dn\u00e9 miesta mimo dosahu in\u00fdch os\u00f4b. \u25cf Nikdy svoju eID kartu nedovo\u013ete pou\u017e\u00edva\u0165 in\u00fdm \u013eu\u010fom. \u25cf Zabezpe\u010dte, aby v\u00e1\u0161 bezpe\u010dnostn\u00fd osobn\u00fd k\u00f3d, ZEP PIN, ZEP PUK zostali pre ostatn\u00fdch utajen\u00e9. Neprezr\u00e1dzajte ich a pokia\u013e ich potrebujete ma\u0165 zap\u00edsan\u00e9, z\u00e1pis nikdy neuchov\u00e1vajte spolu s eID kartou. \u25cf Bezpe\u010dnostn\u00e9 k\u00f3dy s\u00fa len va\u0161e tajomstvo, tak\u017ee ich v \u017eiadnom pr\u00edpade nikde neoznamujte, aj ke\u010f v\u00e1s o to po\u017eiadaj\u00fa. \u25cf Pri strate, odcudzen\u00ed alebo podozren\u00ed z mo\u017en\u00e9ho zneu\u017eitia eID karty ihne\u010f informujte pol\u00edciu a zabezpe\u010dte zru\u0161enie ulo\u017een\u00fdch certifik\u00e1tov bu\u010f pri osobnej n\u00e1v\u0161teve pracoviska dokladov a evidenci\u00ed na okresnom riadite\u013estve Policajn\u00e9ho zboru alebo vyu\u017eit\u00edm na tento \u00fa\u010del zverejnenej eGovernment slu\u017eby.<\/p>\n","protected":false},"excerpt":{"rendered":"<p>Inform\u00e1cia pre dr\u017eite\u013eov eID kariet, ktor\u00ed chc\u00fa vyu\u017e\u00edva\u0165 aj zaru\u010den\u00fd elektronick\u00fd podpis ZEP &nbsp; \u010co je ZEP? Zaru\u010den\u00fd elektronick\u00fd podpis je inform\u00e1cia pripojen\u00e1 alebo inak logicky spojen\u00e1 s elektronick\u00fdm dokumentom, ktor\u00e1 pri splnen\u00ed podmienok upraven\u00fdch z\u00e1konom \u010d. 215\/2002 Z. z. o elektronickom podpise, umo\u017e\u0148uje spo\u013eahlivo a jednozna\u010dne ur\u010di\u0165 fyzick\u00fa osobu, ktor\u00e1 ho vyhotovila. Pomocou ZEP-u [&hellip;]<\/p>\n","protected":false},"author":1,"featured_media":0,"parent":8,"menu_order":0,"comment_status":"closed","ping_status":"closed","template":"","meta":{"spay_email":"","footnotes":""},"_links":{"self":[{"href":"https:\/\/preukaz.sk\/index.php\/wp-json\/wp\/v2\/pages\/520"}],"collection":[{"href":"https:\/\/preukaz.sk\/index.php\/wp-json\/wp\/v2\/pages"}],"about":[{"href":"https:\/\/preukaz.sk\/index.php\/wp-json\/wp\/v2\/types\/page"}],"author":[{"embeddable":true,"href":"https:\/\/preukaz.sk\/index.php\/wp-json\/wp\/v2\/users\/1"}],"replies":[{"embeddable":true,"href":"https:\/\/preukaz.sk\/index.php\/wp-json\/wp\/v2\/comments?post=520"}],"version-history":[{"count":1,"href":"https:\/\/preukaz.sk\/index.php\/wp-json\/wp\/v2\/pages\/520\/revisions"}],"predecessor-version":[{"id":644,"href":"https:\/\/preukaz.sk\/index.php\/wp-json\/wp\/v2\/pages\/520\/revisions\/644"}],"up":[{"embeddable":true,"href":"https:\/\/preukaz.sk\/index.php\/wp-json\/wp\/v2\/pages\/8"}],"wp:attachment":[{"href":"https:\/\/preukaz.sk\/index.php\/wp-json\/wp\/v2\/media?parent=520"}],"curies":[{"name":"wp","href":"https:\/\/api.w.org\/{rel}","templated":true}]}}