{"id":523,"date":"2016-11-12T13:14:55","date_gmt":"2016-11-12T12:14:55","guid":{"rendered":"http:\/\/www.preukaz.sk\/?page_id=523"},"modified":"2019-07-18T02:08:34","modified_gmt":"2019-07-18T00:08:34","slug":"ziadost-o-vydanie-noveho-obcianskeho-preukazu-cez-internet","status":"publish","type":"page","link":"https:\/\/preukaz.sk\/index.php\/obciansky-preukaz\/ziadost-o-vydanie-noveho-obcianskeho-preukazu-cez-internet\/","title":{"rendered":"\u017diados\u0165 o vydanie nov\u00e9ho ob\u010dianskeho preukazu | Ob\u010diansky preukaz"},"content":{"rendered":"\n<h3 class=\"wp-block-heading\">\u017diados\u0165 o&nbsp;vydanie ob\u010dianskeho preukazu<\/h3>\n\n\n\n<p>ob\u010diansky preukaz (prv\u00fd ob\u010diansky preukaz aj nov\u00fd ob\u010diansky preukaz) vyd\u00e1va ktor\u00e9ko\u013evek okresn\u00e9 riadite\u013estvo PZ (oddelenie dokladov)<\/p>\n\n\n\n<p><strong>\u017eiados\u0165 o\u00a0vydanie ob\u010dianskeho preukazu sa pod\u00e1va pr\u00edslu\u0161n\u00e9mu \u00faradu osobne<\/strong>. Pri tejto povinnosti plat\u00ed jedna v\u00fdnimka, a to v\u00a0pr\u00edpade, ke\u010f o\u00a0vydanie ob\u010dianskeho preukazu m\u00f4\u017ee za ob\u010dana, ktor\u00fd nem\u00f4\u017ee pre bezvl\u00e1dnos\u0165 z\u00a0d\u00f4vodu dlhodob\u00e9ho prip\u00fatania na l\u00f4\u017eko poda\u0165 \u017eiados\u0165 osobne, po\u017eiada\u0165 aj in\u00fd ob\u010dan po predlo\u017een\u00ed svojho ob\u010dianskeho preukazu a p\u00edsomn\u00e9ho splnomocnenia na zastupovanie, na ktorom mus\u00ed by\u0165 podpis bezvl\u00e1dneho ob\u010dana, podpis bezvl\u00e1dneho ob\u010dana sa nevy\u017eaduje, ak ob\u010dan nie je sp\u00f4sobil\u00fd sa podp\u00edsa\u0165. K\u00a0\u017eiadosti bezvl\u00e1dneho ob\u010dana sa mus\u00ed predlo\u017ei\u0165 potvrdenie lek\u00e1ra o\u00a0tom, \u017ee tak\u00fdto ob\u010dan nem\u00f4\u017ee poda\u0165 \u017eiados\u0165 osobne z\u00a0d\u00f4vodu dlhodob\u00e9ho prip\u00fatania na\u00a0l\u00f4\u017eko.<\/p>\n\n\n\n<p>ob\u010dan, ktor\u00e9mu m\u00e1 by\u0165 vydan\u00fd, je <strong>povinn\u00fd podrobi\u0165 sa nasn\u00edmaniu podoby jeho tv\u00e1re a jeho podpisu<\/strong> na pr\u00edslu\u0161nom okresnom riadite\u013estve Policajn\u00e9ho zboru. Nasn\u00edmanie podoby bezvl\u00e1dneho ob\u010dana mo\u017eno urobi\u0165 aj v\u00a0mieste, kde sa zdr\u017euje.<\/p>\n\n\n\n<p><strong>nasn\u00edmanie podoby tv\u00e1re<\/strong> sa rob\u00ed v\u00a0ob\u010dianskom odeve, bez prikr\u00fdvky hlavy a bez okuliarov s\u00a0tmav\u00fdmi sklami. V\u00a0od\u00f4vodnen\u00fdch pr\u00edpadoch je mo\u017en\u00e9 zo zdravotn\u00fdch alebo n\u00e1bo\u017eensk\u00fdch d\u00f4vodov nasn\u00edma\u0165 podobu tv\u00e1re s\u00a0prikr\u00fdvkou hlavy. T\u00e1to prikr\u00fdvka nesmie zakr\u00fdva\u0165 tv\u00e1rov\u00fa \u010das\u0165 sp\u00f4sobom, ktor\u00fd by znemo\u017e\u0148oval identifik\u00e1ciu. Nasn\u00edmanie podoby nevidiaceho ob\u010dana mo\u017eno vykona\u0165 s\u00a0okuliarmi s\u00a0tmav\u00fdmi sklami po predlo\u017een\u00ed potvrdenia lek\u00e1ra, \u017ee tento ob\u010dan je nevidiaci.<\/p>\n\n\n\n<p>ob\u010dan, ktor\u00fd v\u00a0\u010dase podania \u017eiadosti o\u00a0vydanie ob\u010dianskeho preukazu nedov\u0155\u0161il 65\u00a0rokov veku, si pri podan\u00ed \u017eiadosti zvol\u00ed <strong>bezpe\u010dnostn\u00fd osobn\u00fd k\u00f3d<\/strong> (tzv. BOK je kombin\u00e1ciou 6\u00a0\u010d\u00edslic), ktor\u00fd sl\u00fa\u017ei na potvrdenie toto\u017enosti dr\u017eite\u013ea pri elektronickej komunik\u00e1cii s\u00a0informa\u010dn\u00fdmi syst\u00e9mami verejnej spr\u00e1vy alebo s\u00a0in\u00fdmi fyzick\u00fdmi osobami alebo pr\u00e1vnick\u00fdmi osobami. Ostatn\u00ed ob\u010dania si m\u00f4\u017eu bezpe\u010dnostn\u00fd osobn\u00fd k\u00f3d zvoli\u0165 nesk\u00f4r pri podan\u00ed \u017eiadosti alebo nesk\u00f4r na okresnom riadite\u013estve PZ. Za ob\u010dana pozbaven\u00e9ho sp\u00f4sobilosti na pr\u00e1vne \u00fakony zvol\u00ed BOK jeho opatrovn\u00edk.<\/p>\n\n\n\n<h3 class=\"wp-block-heading\">Lehoty pre prijatie \u017eiadosti<\/h3>\n\n\n\n<p>o\u00a0vydanie prv\u00e9ho ob\u010dianskeho preukazu pre malolet\u00e9ho ob\u010dana je povinn\u00fd po\u017eiada\u0165 rodi\u010d ob\u010dana alebo opatrovn\u00edk, poru\u010dn\u00edk, in\u00e1 fyzick\u00e1 osoba ako rodi\u010d, ktor\u00ed maj\u00fa die\u0165a zveren\u00e9 do n\u00e1hradnej rodinnej starostlivosti, pest\u00fan, osoba, ktor\u00e1 m\u00e1 z\u00e1ujem sta\u0165 sa pest\u00fanom a m\u00e1 die\u0165a do\u010dasne zveren\u00e9 do pest\u00fanskej starostlivosti, alebo \u0161tatut\u00e1rny org\u00e1n zariadenia, v\u00a0ktorom sa vykon\u00e1va rozhodnutie s\u00fadu o\u00a0nariaden\u00ed \u00fastavnej starostlivosti alebo rozhodnutie s\u00fadu o\u00a0nariaden\u00ed ochrannej v\u00fdchovy, najsk\u00f4r 90\u00a0dn\u00ed a najnesk\u00f4r 30\u00a0dn\u00ed pred dov\u0155\u0161en\u00edm p\u00e4tn\u00e1steho roku veku ob\u010dana.<\/p>\n\n\n\n<p>o\u00a0vydanie nov\u00e9ho ob\u010dianskeho preukazu je ob\u010dan povinn\u00fd po\u017eiada\u0165 pr\u00edslu\u0161n\u00e9 okresn\u00e9 riadite\u013estvo Policajn\u00e9ho zboru do 30\u00a0dn\u00ed od neplatnosti ob\u010dianskeho preukazu (napr. zmena mena, priezviska, trval\u00e9ho pobytu, rodn\u00e9ho \u010d\u00edsla).<\/p>\n\n\n\n<p>ob\u010dan m\u00f4\u017ee poda\u0165 \u017eiados\u0165 o\u00a0vydanie nov\u00e9ho ob\u010dianskeho preukazu pred skon\u010den\u00edm (\u010dasovej) doby jeho platnosti. V\u00a0tomto pr\u00edpade mo\u017eno \u017eiados\u0165 poda\u0165 najsk\u00f4r 180\u00a0dn\u00ed pred uplynut\u00edm (\u010dasovej) doby platnosti.<\/p>\n\n\n\n<h3 class=\"wp-block-heading\">Elektronick\u00e9 slu\u017eby<\/h3>\n\n\n\n<p>ak zmen\u00edte trval\u00fd pobyt a u\u017e m\u00e1te vydan\u00fd elektronick\u00fd ob\u010diansky preukaz s\u00a0\u010dipom, ktor\u00fd aj akt\u00edvne vyu\u017e\u00edvate pri elektronick\u00fdch slu\u017eb\u00e1ch, o\u00a0nov\u00fd doklad s\u00a0novou adresou po pres\u0165ahovan\u00ed m\u00f4\u017eete po\u017eiada\u0165 cez internet.<\/p>\n\n\n\n<p>nie je teda potrebn\u00e9 \u00eds\u0165 osobne na pol\u00edciu, sta\u010d\u00ed pou\u017ei\u0165 e-slu\u017ebu: fotografiu, podpis a \u010fal\u0161ie osobn\u00e9 \u00fadaje toti\u017e m\u00f4\u017ee pol\u00edcia \u010derpa\u0165 zo svojich informa\u010dn\u00fdch syst\u00e9mov, v\u00a0ktor\u00fdch figuruj\u00fa \u017eiadatelia od momentu po\u017eiadania o\u00a0ob\u010diansky preukaz, cestovn\u00fd pas alebo vodi\u010dsk\u00fd preukaz. \u00dadaje nesm\u00fa by\u0165 star\u0161ie ako 5\u00a0rokov v\u00a0pr\u00edpade dospel\u00e9ho, a nie star\u0161ie ako 3\u00a0roky v\u00a0pr\u00edpade ob\u010dana do 18\u00a0rokov.<\/p>\n\n\n\n<p>nov\u00fd doklad si je kv\u00f4li kontrole \u017eiadate\u013e povinn\u00fd \u00eds\u0165 na pol\u00edciu zobra\u0165 osobne, ale m\u00f4\u017ee si vybra\u0165, na ktor\u00e9 pracovisko dokladov a evidenci\u00ed mu ho doru\u010dia.<\/p>\n\n\n\n<p>rovnako si cestu na pol\u00edciu m\u00f4\u017ee ob\u010dan u\u0161etri\u0165 pri strate alebo odcudzen\u00ed elektronick\u00e9ho ob\u010dianskeho preukazu s\u00a0\u010dipom. Urob\u00ed tak pomocou e-slu\u017eby, ale op\u00e4\u0165 len v\u00a0pr\u00edpade, \u017ee ob\u010diansky preukaz naozaj vyu\u017e\u00edvate elektronick\u00fdm sp\u00f4sobom a cez e-slu\u017ebu zadal tzv. diskr\u00e9tny \u00fadaj. V\u00a0takom pr\u00edpade toti\u017e s\u00fa v\u00a0informa\u010dnom syst\u00e9me MV SR k\u00a0dispoz\u00edcii kontakty ako e-mail \u010di telef\u00f3nne \u010d\u00edslo a predov\u0161etk\u00fdm zadan\u00fd diskr\u00e9tny \u00fadaj. Pr\u00e1ve diskr\u00e9tny \u00fadaj treba uvies\u0165 pri nahlasovan\u00ed straty \u010di kr\u00e1de\u017ee elektronick\u00e9ho dokladu. Kontakty a diskr\u00e9tny \u00fadaj mo\u017eno kedyko\u013evek zmeni\u0165 \u010di aktualizova\u0165 na to ur\u010denou e-slu\u017ebou modifik\u00e1cia kontaktn\u00fdch \u00fadajov.<\/p>\n\n\n\n<p>\u010fal\u0161ie doplnkov\u00e9 e-slu\u017eby mo\u017eno vyu\u017ei\u0165, ak sa ob\u010dan z\u00a0hocijak\u00e9ho d\u00f4vodu rozhodne zru\u0161i\u0165 prihlasovanie elektronick\u00fdm ob\u010dianskym preukazom s\u00a0\u010dipom\u00a0\u2013 urob\u00ed tak pomocou e-slu\u017eby cez internet. Rovnak\u00fdm sp\u00f4sobom si m\u00f4\u017ee overi\u0165, ak\u00e9 certifik\u00e1ty m\u00e1te pre svoj elektronick\u00fd doklad vydan\u00e9: autentifika\u010dn\u00fd, \u0161ifrovac\u00ed \u010di kvalifikovan\u00fd ur\u010den\u00fd pre autoriz\u00e1ciu elektronick\u00fdch dokumentov podp\u00edsan\u00fdch zaru\u010den\u00fdm elektronick\u00fdm podpisom (ZEP). Certifik\u00e1ty m\u00f4\u017eete v\u00a0pr\u00edpade potreby tie\u017e elektronicky zru\u0161i\u0165. Op\u00e4tovne obnovi\u0165 si ich v\u0161ak m\u00f4\u017eete bezplatne len osobnou n\u00e1v\u0161tevou pracoviska dokladov a evidenci\u00ed.<\/p>\n","protected":false},"excerpt":{"rendered":"<p>\u017diados\u0165 o&nbsp;vydanie ob\u010dianskeho preukazu ob\u010diansky preukaz (prv\u00fd ob\u010diansky preukaz aj nov\u00fd ob\u010diansky preukaz) vyd\u00e1va ktor\u00e9ko\u013evek okresn\u00e9 riadite\u013estvo PZ (oddelenie dokladov) \u017eiados\u0165 o\u00a0vydanie ob\u010dianskeho preukazu sa pod\u00e1va pr\u00edslu\u0161n\u00e9mu \u00faradu osobne. Pri tejto povinnosti plat\u00ed jedna v\u00fdnimka, a to v\u00a0pr\u00edpade, ke\u010f o\u00a0vydanie ob\u010dianskeho preukazu m\u00f4\u017ee za ob\u010dana, ktor\u00fd nem\u00f4\u017ee pre bezvl\u00e1dnos\u0165 z\u00a0d\u00f4vodu dlhodob\u00e9ho prip\u00fatania na l\u00f4\u017eko poda\u0165 [&hellip;]<\/p>\n","protected":false},"author":1,"featured_media":0,"parent":8,"menu_order":0,"comment_status":"closed","ping_status":"closed","template":"","meta":{"spay_email":"","footnotes":""},"_links":{"self":[{"href":"https:\/\/preukaz.sk\/index.php\/wp-json\/wp\/v2\/pages\/523"}],"collection":[{"href":"https:\/\/preukaz.sk\/index.php\/wp-json\/wp\/v2\/pages"}],"about":[{"href":"https:\/\/preukaz.sk\/index.php\/wp-json\/wp\/v2\/types\/page"}],"author":[{"embeddable":true,"href":"https:\/\/preukaz.sk\/index.php\/wp-json\/wp\/v2\/users\/1"}],"replies":[{"embeddable":true,"href":"https:\/\/preukaz.sk\/index.php\/wp-json\/wp\/v2\/comments?post=523"}],"version-history":[{"count":2,"href":"https:\/\/preukaz.sk\/index.php\/wp-json\/wp\/v2\/pages\/523\/revisions"}],"predecessor-version":[{"id":711,"href":"https:\/\/preukaz.sk\/index.php\/wp-json\/wp\/v2\/pages\/523\/revisions\/711"}],"up":[{"embeddable":true,"href":"https:\/\/preukaz.sk\/index.php\/wp-json\/wp\/v2\/pages\/8"}],"wp:attachment":[{"href":"https:\/\/preukaz.sk\/index.php\/wp-json\/wp\/v2\/media?parent=523"}],"curies":[{"name":"wp","href":"https:\/\/api.w.org\/{rel}","templated":true}]}}