{"id":62,"date":"2009-07-08T15:20:41","date_gmt":"2009-07-08T13:20:41","guid":{"rendered":"http:\/\/www.preukaz.sk\/?page_id=62"},"modified":"2009-07-08T15:20:41","modified_gmt":"2009-07-08T13:20:41","slug":"vodicsky-preukaz","status":"publish","type":"page","link":"https:\/\/preukaz.sk\/index.php\/vodicsky-preukaz\/","title":{"rendered":"Vodi\u010dsk\u00fd preukaz"},"content":{"rendered":"<p><strong><br \/>\nNov\u00fd form\u00e1t vodi\u010dsk\u00fdch preukazov <\/strong> V s\u00favislosti so vstupom Slovenskej republiky do Eur\u00f3pskej \u00fanie sa od 1. m\u00e1ja 2004 vyd\u00e1vaj\u00fa nov\u00e9 vodi\u010dsk\u00e9 preukazy na novovytvoren\u00fdch oddeleniach dokladov odborov poriadkovej pol\u00edcie okresn\u00fdch riadite\u013estiev Policajn\u00e9ho zboru.<br \/>\nNov\u00fd vodi\u010dsk\u00fd preukaz je doklad s rozmermi 8,56 cm x 5,398 cm vyroben\u00fd z viacvrstvov\u00e9ho polykarbon\u00e1tu s viacer\u00fdmi ochrann\u00fdmi prvkami.<\/p>\n<p>Vyzna\u010denie \u00fadajov o dr\u017eite\u013eovi a udelen\u00fdch vodi\u010dsk\u00fdch opr\u00e1vneniach vykon\u00e1va N\u00e1rodn\u00e9 personaliza\u010dn\u00e9 centrum v Bratislave laserov\u00fdm grav\u00edrovan\u00edm (v\u00fdroba vodi\u010dsk\u00e9ho preukazu).<\/p>\n<p><strong>Na prednej strane vodi\u010dsk\u00e9ho preukazu<\/strong> sa uv\u00e1dzaj\u00fa osobn\u00e9 \u00fadaje dr\u017eite\u013ea, d\u00e1tum vydania preukazu, s\u00eddlo \u00faradu, ktor\u00fd preukaz vydal a \u010d\u00edslo vodi\u010dsk\u00e9ho preukazu, podpis dr\u017eite\u013ea, skupiny vodi\u010dsk\u00fdch opr\u00e1vnen\u00ed, fotografia dr\u017eite\u013ea 2 x 2,2 cm, modr\u00fd obd\u013a\u017enik s 12 hviezdi\u010dkami v kruhu a s p\u00edsmenami SK.<\/p>\n<p><strong>Zadn\u00e1 strana obsahuje<\/strong> v\u0161etky skupiny a podskupiny vodi\u010dsk\u00e9ho opr\u00e1vnenia s vyzna\u010den\u00edm d\u00e1tumu udelenia vodi\u010dsk\u00e9ho opr\u00e1vnenia a ich obmedzenia vo forme harmonizovan\u00fdch k\u00f3dov.<\/p>\n<p>Podrobnosti o vyhotoven\u00ed nov\u00e9ho vodi\u010dsk\u00e9ho preukazu s\u00fa uveden\u00e9 vo vyhl\u00e1\u0161ke MV SR \u010d. 9\/2009 Z. z., ktorou sa vykon\u00e1va z\u00e1kon o cestnej prem\u00e1vke a o zmene a doplnen\u00ed niektor\u00fdch z\u00e1konov.<\/p>\n","protected":false},"excerpt":{"rendered":"<p>Nov\u00fd form\u00e1t vodi\u010dsk\u00fdch preukazov V s\u00favislosti so vstupom Slovenskej republiky do Eur\u00f3pskej \u00fanie sa od 1. m\u00e1ja 2004 vyd\u00e1vaj\u00fa nov\u00e9 vodi\u010dsk\u00e9 preukazy na novovytvoren\u00fdch oddeleniach dokladov odborov poriadkovej pol\u00edcie okresn\u00fdch riadite\u013estiev Policajn\u00e9ho zboru. Nov\u00fd vodi\u010dsk\u00fd preukaz je doklad s rozmermi 8,56 cm x 5,398 cm vyroben\u00fd z viacvrstvov\u00e9ho polykarbon\u00e1tu s viacer\u00fdmi ochrann\u00fdmi prvkami. Vyzna\u010denie \u00fadajov [&hellip;]<\/p>\n","protected":false},"author":1,"featured_media":0,"parent":0,"menu_order":20,"comment_status":"closed","ping_status":"open","template":"","meta":{"spay_email":"","footnotes":""},"_links":{"self":[{"href":"https:\/\/preukaz.sk\/index.php\/wp-json\/wp\/v2\/pages\/62"}],"collection":[{"href":"https:\/\/preukaz.sk\/index.php\/wp-json\/wp\/v2\/pages"}],"about":[{"href":"https:\/\/preukaz.sk\/index.php\/wp-json\/wp\/v2\/types\/page"}],"author":[{"embeddable":true,"href":"https:\/\/preukaz.sk\/index.php\/wp-json\/wp\/v2\/users\/1"}],"replies":[{"embeddable":true,"href":"https:\/\/preukaz.sk\/index.php\/wp-json\/wp\/v2\/comments?post=62"}],"version-history":[{"count":0,"href":"https:\/\/preukaz.sk\/index.php\/wp-json\/wp\/v2\/pages\/62\/revisions"}],"wp:attachment":[{"href":"https:\/\/preukaz.sk\/index.php\/wp-json\/wp\/v2\/media?parent=62"}],"curies":[{"name":"wp","href":"https:\/\/api.w.org\/{rel}","templated":true}]}}