{"id":64,"date":"2009-07-08T15:21:41","date_gmt":"2009-07-08T13:21:41","guid":{"rendered":"http:\/\/www.preukaz.sk\/?page_id=64"},"modified":"2019-07-07T09:38:46","modified_gmt":"2019-07-07T07:38:46","slug":"medzinarodny-vodicsky-preukaz","status":"publish","type":"page","link":"https:\/\/preukaz.sk\/index.php\/vodicsky-preukaz\/medzinarodny-vodicsky-preukaz\/","title":{"rendered":"Medzin\u00e1rodn\u00fd vodi\u010dsk\u00fd preukaz | Vodi\u010dsk\u00fd preukaz"},"content":{"rendered":"<p><a href=\"http:\/\/www.preukaz.sk\/wp-content\/uploads\/2009\/07\/Medzinarodny-Vodicsky-preukaz-Vieden-1.jpg\"><img loading=\"lazy\" decoding=\"async\" class=\"alignleft size-medium wp-image-254\" title=\"Medzinarodny-Vodicsky-preukaz-Vieden-1\" src=\"http:\/\/www.preukaz.sk\/wp-content\/uploads\/2009\/07\/Medzinarodny-Vodicsky-preukaz-Vieden-1-212x300.jpg\" alt=\"\" width=\"212\" height=\"300\" \/><\/a> <a href=\"http:\/\/www.preukaz.sk\/wp-content\/uploads\/2009\/07\/Medzinarodny-Vodicsky-preukaz-Zeneva-1.jpg\"><img loading=\"lazy\" decoding=\"async\" class=\"alignleft size-medium wp-image-255\" title=\"Medzinarodny-Vodicsky-preukaz-Zeneva-1\" src=\"http:\/\/www.preukaz.sk\/wp-content\/uploads\/2009\/07\/Medzinarodny-Vodicsky-preukaz-Zeneva-1-210x300.jpg\" alt=\"\" width=\"210\" height=\"300\" \/><\/a><\/p>\n<p><strong>Medzin\u00e1rodn\u00fd vodi\u010dsk\u00fd preukaz<\/strong><br \/>\nje kni\u017eka s rozmermi 14,8 cm x 10,5 cm. Jeho prv\u00fd a posledn\u00fd list, ktor\u00e9 tvoria obal kni\u017eky, s\u00fa sivej farby; vn\u00fatorn\u00e9 strany s\u00fa biele.<\/p>\n<p><strong>V medzin\u00e1rodnom vodi\u010dskom preukaze sa uv\u00e1dzaj\u00fa<\/strong><br \/>\nosobn\u00e9 \u00fadaje o jeho dr\u017eite\u013eovi v rozsahu meno, priezvisko, pr\u00edpadne titul, d\u00e1tum a miesto narodenia dr\u017eite\u013ea VP, obec pobytu a rozsah vodi\u010dsk\u00e9ho opr\u00e1vnenia pod\u013ea platn\u00e9ho vodi\u010dsk\u00e9ho preukazu vr\u00e1tane pr\u00edpadn\u00e9ho obmedzenia jeho rozsahu a \u010fal\u0161\u00edch obmedzuj\u00facich podmienok vies\u0165 motorov\u00e9 vozidl\u00e1.<\/p>\n<p><strong>Medzin\u00e1rodn\u00fd vodi\u010dsk\u00fd preukaz \u010falej obsahuje<\/strong><br \/>\n\u2022 fotografiu tv\u00e1re, ktor\u00e1 mus\u00ed by\u0165 vyhotoven\u00e1 v ob\u010dianskom odeve, bez prikr\u00fdvky hlavy a okuliarov s tmav\u00fdmi sklami; v od\u00f4vodnen\u00fdch pr\u00edpadoch m\u00f4\u017ee by\u0165 zo zdravotn\u00fdch alebo n\u00e1bo\u017eensk\u00fdch d\u00f4vodov fotografia tv\u00e1re s prikr\u00fdvkou hlavy, pri\u010dom t\u00e1to prikr\u00fdvka nesmie zakr\u00fdva\u0165 tv\u00e1rov\u00fa \u010das\u0165 sp\u00f4sobom, ktor\u00fd by znemo\u017e\u0148oval identifik\u00e1ciu \u017eiadate\u013ea o vydanie medzin\u00e1rodn\u00e9ho vodi\u010dsk\u00e9ho preukazu,<br \/>\n\u2022 podpis dr\u017eite\u013ea medzin\u00e1rodn\u00e9ho vodi\u010dsk\u00e9ho preukazu.<\/p>\n<p><strong>Platnos\u0165<\/strong><br \/>\nMedzin\u00e1rodn\u00fd vodi\u010dsk\u00fd preukaz pod\u013ea Viedensk\u00e9ho dohovoru sa vyd\u00e1va s platnos\u0165ou na tri roky a pod\u013ea \u017denevsk\u00e9ho dohovoru s platnos\u0165ou na jeden rok.<\/p>\n<p>Neplatn\u00fd je ten medzin\u00e1rodn\u00fd vodi\u010dsk\u00fd preukaz, ktor\u00e9ho dr\u017eite\u013e prestal by\u0165 dr\u017eite\u013eom vodi\u010dsk\u00e9ho preukazu alebo ktor\u00e9ho vodi\u010dsk\u00fd preukaz je neplatn\u00fd.<\/p>\n<p>Medzin\u00e1rodn\u00fd vodi\u010dsk\u00fd preukaz sa vyd\u00e1 len dr\u017eite\u013eovi platn\u00e9ho vodi\u010dsk\u00e9ho preukazu, ktor\u00fd bol vydan\u00fd v Slovenskej republike.<\/p>\n<p><strong>Medzin\u00e1rodn\u00fd vodi\u010dsk\u00fd preukaz neopr\u00e1v\u0148uje<\/strong><br \/>\njeho dr\u017eite\u013ea na vedenie motorov\u00fdch vozidiel v Slovenskej republike, ak bol vydan\u00fd v Slovenskej republike alebo ak bol vydan\u00fd v cudzine a jeho dr\u017eite\u013e m\u00e1 pobyt na \u00fazem\u00ed Slovenskej republiky.<\/p>\n<p><strong>Oddelenie dokladov vyd\u00e1va medzin\u00e1rodn\u00fd vodi\u010dsk\u00fd preukaz pod\u013ea<\/strong><br \/>\na) Dohovoru o cestnej prem\u00e1vke podp\u00edsan\u00e9ho 8. novembra 1968 vo Viedni (Viedensk\u00fd dohovor), alebo<br \/>\nb) Dohovoru o cestnej prem\u00e1vke podp\u00edsan\u00e9ho 19. septembra 1949 v \u017deneve (\u017denevsk\u00fd dohovor).<\/p>\n","protected":false},"excerpt":{"rendered":"<p>Medzin\u00e1rodn\u00fd vodi\u010dsk\u00fd preukaz je kni\u017eka s rozmermi 14,8 cm x 10,5 cm. Jeho prv\u00fd a posledn\u00fd list, ktor\u00e9 tvoria obal kni\u017eky, s\u00fa sivej farby; vn\u00fatorn\u00e9 strany s\u00fa biele. V medzin\u00e1rodnom vodi\u010dskom preukaze sa uv\u00e1dzaj\u00fa osobn\u00e9 \u00fadaje o jeho dr\u017eite\u013eovi v rozsahu meno, priezvisko, pr\u00edpadne titul, d\u00e1tum a miesto narodenia dr\u017eite\u013ea VP, obec pobytu a rozsah [&hellip;]<\/p>\n","protected":false},"author":1,"featured_media":0,"parent":62,"menu_order":22,"comment_status":"closed","ping_status":"closed","template":"","meta":{"spay_email":"","footnotes":""},"_links":{"self":[{"href":"https:\/\/preukaz.sk\/index.php\/wp-json\/wp\/v2\/pages\/64"}],"collection":[{"href":"https:\/\/preukaz.sk\/index.php\/wp-json\/wp\/v2\/pages"}],"about":[{"href":"https:\/\/preukaz.sk\/index.php\/wp-json\/wp\/v2\/types\/page"}],"author":[{"embeddable":true,"href":"https:\/\/preukaz.sk\/index.php\/wp-json\/wp\/v2\/users\/1"}],"replies":[{"embeddable":true,"href":"https:\/\/preukaz.sk\/index.php\/wp-json\/wp\/v2\/comments?post=64"}],"version-history":[{"count":1,"href":"https:\/\/preukaz.sk\/index.php\/wp-json\/wp\/v2\/pages\/64\/revisions"}],"predecessor-version":[{"id":636,"href":"https:\/\/preukaz.sk\/index.php\/wp-json\/wp\/v2\/pages\/64\/revisions\/636"}],"up":[{"embeddable":true,"href":"https:\/\/preukaz.sk\/index.php\/wp-json\/wp\/v2\/pages\/62"}],"wp:attachment":[{"href":"https:\/\/preukaz.sk\/index.php\/wp-json\/wp\/v2\/media?parent=64"}],"curies":[{"name":"wp","href":"https:\/\/api.w.org\/{rel}","templated":true}]}}