{"id":67,"date":"2009-07-08T15:22:41","date_gmt":"2009-07-08T13:22:41","guid":{"rendered":"http:\/\/www.preukaz.sk\/?page_id=67"},"modified":"2019-07-07T09:38:39","modified_gmt":"2019-07-07T07:38:39","slug":"poplatky-za-vydanie-vodicskeho-preukazu","status":"publish","type":"page","link":"https:\/\/preukaz.sk\/index.php\/vodicsky-preukaz\/poplatky-za-vydanie-vodicskeho-preukazu\/","title":{"rendered":"Poplatky za vydanie vodi\u010dsk\u00e9ho preukazu | Vodi\u010dsk\u00fd preukaz"},"content":{"rendered":"<p><strong>V\u00fdpis z eviden\u010dnej karty<\/strong> vodi\u010da (za ka\u017ed\u00fa za\u010dat\u00fa stranu)<br \/>\n1,50 \u20ac\t  (45,19 Sk)<\/p>\n<p><strong>Vydanie vodi\u010dsk\u00e9ho preukazu a medzin\u00e1rodn\u00e9ho vodi\u010dsk\u00e9ho preukazu<\/strong> (do 30 dn\u00ed)<br \/>\n6,50 \u20ac\t(195,82 Sk)<\/p>\n<p>Vydanie vodi\u010dsk\u00e9ho preukazu, <strong>zmena trval\u00e9ho pobytu, zmena priezviska<\/strong> (do 30 dn\u00ed)<br \/>\n6,50 \u20ac\t(195,82 Sk)<\/p>\n<p>Vydanie vodi\u010dsk\u00e9ho preukazu <strong>po skon\u010den\u00ed sk\u00fa\u0161obnej doby<\/strong> (do 30 dn\u00ed)<br \/>\n6,50 \u20ac\t(195,82 Sk)<\/p>\n<p><strong>Roz\u0161\u00edrenie<\/strong> vodi\u010dsk\u00e9ho preukazu (do 30 dn\u00ed)<br \/>\n6,50 \u20ac\t(195,82 Sk)<\/p>\n<p>Ka\u017ed\u00e9 vydanie medzin\u00e1rodn\u00e9ho vodi\u010dsk\u00e9ho preukazu a ka\u017ed\u00e9 \u010fal\u0161ie <strong>z d\u00f4vodu roz\u0161\u00edrenia vodi\u010dsk\u00e9ho opr\u00e1vnenia uveden\u00e9ho vo vodi\u010dskom preukaze a skon\u010den\u00ed jeho platnosti<\/strong> (do 30 dn\u00ed)<br \/>\n6,50 \u20ac\t(195,82 Sk)<\/p>\n<p>Vydanie vodi\u010dsk\u00e9ho preukazu, medzin\u00e1rodn\u00fd vodi\u010dsk\u00fd preukaz \u2013 <strong>n\u00e1hrada za odcudzen\u00fd<\/strong> (do 30 dn\u00ed)<br \/>\n6,50 \u20ac\t(195,82 Sk)<\/p>\n<p>Vydanie vodi\u010dsk\u00e9ho preukazu, medzin\u00e1rodn\u00fd vodi\u010dsk\u00fd preukaz &#8211; <strong>n\u00e1hrada za zni\u010den\u00fd, straten\u00fd alebo po\u0161koden\u00fd<\/strong> (do 30 dn\u00ed)<br \/>\n13 \u20ac\t(391,64,-Sk)<\/p>\n","protected":false},"excerpt":{"rendered":"<p>V\u00fdpis z eviden\u010dnej karty vodi\u010da (za ka\u017ed\u00fa za\u010dat\u00fa stranu) 1,50 \u20ac (45,19 Sk) Vydanie vodi\u010dsk\u00e9ho preukazu a medzin\u00e1rodn\u00e9ho vodi\u010dsk\u00e9ho preukazu (do 30 dn\u00ed) 6,50 \u20ac (195,82 Sk) Vydanie vodi\u010dsk\u00e9ho preukazu, zmena trval\u00e9ho pobytu, zmena priezviska (do 30 dn\u00ed) 6,50 \u20ac (195,82 Sk) Vydanie vodi\u010dsk\u00e9ho preukazu po skon\u010den\u00ed sk\u00fa\u0161obnej doby (do 30 dn\u00ed) 6,50 \u20ac (195,82 [&hellip;]<\/p>\n","protected":false},"author":1,"featured_media":0,"parent":62,"menu_order":23,"comment_status":"closed","ping_status":"closed","template":"","meta":{"spay_email":"","footnotes":""},"_links":{"self":[{"href":"https:\/\/preukaz.sk\/index.php\/wp-json\/wp\/v2\/pages\/67"}],"collection":[{"href":"https:\/\/preukaz.sk\/index.php\/wp-json\/wp\/v2\/pages"}],"about":[{"href":"https:\/\/preukaz.sk\/index.php\/wp-json\/wp\/v2\/types\/page"}],"author":[{"embeddable":true,"href":"https:\/\/preukaz.sk\/index.php\/wp-json\/wp\/v2\/users\/1"}],"replies":[{"embeddable":true,"href":"https:\/\/preukaz.sk\/index.php\/wp-json\/wp\/v2\/comments?post=67"}],"version-history":[{"count":1,"href":"https:\/\/preukaz.sk\/index.php\/wp-json\/wp\/v2\/pages\/67\/revisions"}],"predecessor-version":[{"id":635,"href":"https:\/\/preukaz.sk\/index.php\/wp-json\/wp\/v2\/pages\/67\/revisions\/635"}],"up":[{"embeddable":true,"href":"https:\/\/preukaz.sk\/index.php\/wp-json\/wp\/v2\/pages\/62"}],"wp:attachment":[{"href":"https:\/\/preukaz.sk\/index.php\/wp-json\/wp\/v2\/media?parent=67"}],"curies":[{"name":"wp","href":"https:\/\/api.w.org\/{rel}","templated":true}]}}