{"id":73,"date":"2016-07-08T15:31:44","date_gmt":"2016-07-08T13:31:44","guid":{"rendered":"http:\/\/www.preukaz.sk\/?page_id=73"},"modified":"2019-07-18T02:02:04","modified_gmt":"2019-07-18T00:02:04","slug":"doklady-potrebne-k-zapisu-titulu","status":"publish","type":"page","link":"https:\/\/preukaz.sk\/index.php\/obciansky-preukaz\/doklady-potrebne-k-zapisu-titulu\/","title":{"rendered":"Doklady potrebn\u00e9 k z\u00e1pisu titulu | Ob\u010diansky preukaz"},"content":{"rendered":"\n<h4 class=\"wp-block-heading\">Doklady potrebn\u00e9 k&nbsp;z\u00e1pisu titulu<\/h4>\n\n\n\n<p>pre z\u00e1pis skratky akademick\u00e9ho titulu, vedecko-pedagogick\u00e9ho titulu, umelecko-pedagogick\u00e9ho titulu alebo in\u00e9ho titulu alebo vedecko-akademickej hodnosti, umelecko-akademickej hodnosti alebo vedeckej hodnosti absolventa vysokej \u0161koly je potrebn\u00e9 predlo\u017ei\u0165 doklad o\u00a0udelen\u00ed titulu alebo skratky titulu, ktor\u00fd je ob\u010dan opr\u00e1vnen\u00fd pou\u017e\u00edva\u0165 pod\u013ea z\u00e1kona o\u00a0vysok\u00fdch \u0161kol\u00e1ch a po predlo\u017een\u00ed dokladu o\u00a0absolvovan\u00ed vysoko\u0161kolsk\u00e9ho \u0161t\u00fadia.<\/p>\n\n\n\n<p>pri doklade o\u00a0udelen\u00ed titulu alebo hodnosti vydanom zahrani\u010dnou vysokou \u0161kolou alebo in\u00fdm, na to opr\u00e1vnen\u00fdm org\u00e1nom sa predklad\u00e1 rozhodnutie o\u00a0uznan\u00ed tohto dokladu za rovnocenn\u00fd s\u00a0dokladom o\u00a0udelen\u00ed titulu alebo hodnosti vydan\u00fdm vysokou \u0161kolou v\u00a0Slovenskej republike pod\u013ea osobitn\u00e9ho predpisu, ak medzin\u00e1rodn\u00e1 zmluva, ktorou je Slovensk\u00e1 republika viazan\u00e1, neustanovuje\u00a0inak.<\/p>\n\n\n\n<p>v\u00a0roku 2015\u00a0nadobudla platnos\u0165 Zmluva medzi Slovenskou a \u010ceskou republikou o\u00a0vz\u00e1jomnom uzn\u00e1van\u00ed rovnocennosti dokladov o\u00a0vzdelan\u00ed vyd\u00e1van\u00fdch v\u00a0Slovenskej a v\u00a0\u010ceskej republike, ktor\u00e1 umo\u017e\u0148uje absolventom vysok\u00fdch \u0161k\u00f4l v\u00a0\u010ceskej republike z\u00e1pis titulu do ob\u010dianskeho preukazu za t\u00fdch ist\u00fdch podmienok ako absolventom vysok\u00fdch \u0161k\u00f4l v\u00a0Slovenskej republike, a teda bez predlo\u017eenia rozhodnutia o\u00a0uznan\u00ed dokladu o\u00a0vzdelan\u00ed.<\/p>\n","protected":false},"excerpt":{"rendered":"<p>Doklady potrebn\u00e9 k&nbsp;z\u00e1pisu titulu pre z\u00e1pis skratky akademick\u00e9ho titulu, vedecko-pedagogick\u00e9ho titulu, umelecko-pedagogick\u00e9ho titulu alebo in\u00e9ho titulu alebo vedecko-akademickej hodnosti, umelecko-akademickej hodnosti alebo vedeckej hodnosti absolventa vysokej \u0161koly je potrebn\u00e9 predlo\u017ei\u0165 doklad o\u00a0udelen\u00ed titulu alebo skratky titulu, ktor\u00fd je ob\u010dan opr\u00e1vnen\u00fd pou\u017e\u00edva\u0165 pod\u013ea z\u00e1kona o\u00a0vysok\u00fdch \u0161kol\u00e1ch a po predlo\u017een\u00ed dokladu o\u00a0absolvovan\u00ed vysoko\u0161kolsk\u00e9ho \u0161t\u00fadia. pri doklade o\u00a0udelen\u00ed [&hellip;]<\/p>\n","protected":false},"author":1,"featured_media":0,"parent":8,"menu_order":4,"comment_status":"closed","ping_status":"closed","template":"","meta":{"spay_email":"","footnotes":""},"_links":{"self":[{"href":"https:\/\/preukaz.sk\/index.php\/wp-json\/wp\/v2\/pages\/73"}],"collection":[{"href":"https:\/\/preukaz.sk\/index.php\/wp-json\/wp\/v2\/pages"}],"about":[{"href":"https:\/\/preukaz.sk\/index.php\/wp-json\/wp\/v2\/types\/page"}],"author":[{"embeddable":true,"href":"https:\/\/preukaz.sk\/index.php\/wp-json\/wp\/v2\/users\/1"}],"replies":[{"embeddable":true,"href":"https:\/\/preukaz.sk\/index.php\/wp-json\/wp\/v2\/comments?post=73"}],"version-history":[{"count":2,"href":"https:\/\/preukaz.sk\/index.php\/wp-json\/wp\/v2\/pages\/73\/revisions"}],"predecessor-version":[{"id":710,"href":"https:\/\/preukaz.sk\/index.php\/wp-json\/wp\/v2\/pages\/73\/revisions\/710"}],"up":[{"embeddable":true,"href":"https:\/\/preukaz.sk\/index.php\/wp-json\/wp\/v2\/pages\/8"}],"wp:attachment":[{"href":"https:\/\/preukaz.sk\/index.php\/wp-json\/wp\/v2\/media?parent=73"}],"curies":[{"name":"wp","href":"https:\/\/api.w.org\/{rel}","templated":true}]}}