{"id":83,"date":"2016-07-08T15:37:20","date_gmt":"2016-07-08T13:37:20","guid":{"rendered":"http:\/\/www.preukaz.sk\/?page_id=83"},"modified":"2019-07-07T09:40:35","modified_gmt":"2019-07-07T07:40:35","slug":"kedy-je-obciansky-preukaz-neplatny","status":"publish","type":"page","link":"https:\/\/preukaz.sk\/index.php\/obciansky-preukaz\/kedy-je-obciansky-preukaz-neplatny\/","title":{"rendered":"Kedy je ob\u010diansky preukaz neplatn\u00fd | Ob\u010diansky preukaz"},"content":{"rendered":"<div class=\"main\">\n<div class=\"main02 main02a\">\n<div class=\"main02next\">\n<h3><strong>Ob\u010diansky preukaz je neplatn\u00fd, ak<\/strong><\/h3>\n<ul>\n<li>ob\u010dan zomrel, bol vyhl\u00e1sen\u00fd za m\u0155tveho, stratil \u0161t\u00e1tne ob\u010dianstvo alebo ukon\u010dil trval\u00fd pobyt na \u00fazem\u00ed Slovenskej republiky,<\/li>\n<li>ob\u010dan stratil ob\u010diansky preukaz alebo ak mu bol odcudzen\u00fd a t\u00e1to skuto\u010dnos\u0165 bola ohl\u00e1sen\u00e1 pr\u00edslu\u0161n\u00e9mu \u00faradu alebo ktor\u00e9muko\u013evek \u00fatvaru Policajn\u00e9ho zboru,<\/li>\n<li>bol zni\u010den\u00fd alebo po\u0161koden\u00fd tak, \u017ee sa n\u00edm ned\u00e1 preukazova\u0165 toto\u017enos\u0165 alebo v \u0148om zap\u00edsan\u00fd \u00fadaj, alebo bola poru\u0161en\u00e1 jeho celistvos\u0165,<\/li>\n<li>uplynula doba jeho (\u010dasovej) platnosti,<\/li>\n<li>obsahuje neplatn\u00e9 alebo nespr\u00e1vne \u00fadaje, alebo neopr\u00e1vnene vykonan\u00e9 zmeny,<\/li>\n<li>neobsahuje \u00fadaje ob\u010dana ktor\u00e9ho sp\u00f4sobilos\u0165 na pr\u00e1vne \u00fakony je obmedzen\u00e1, pozbaven\u00e9ho sp\u00f4sobilosti na pr\u00e1vne \u00fakony, alebo ktor\u00fd m\u00e1 ulo\u017een\u00fd trest z\u00e1kazu pobytu,<\/li>\n<li>sa zmenil niektor\u00fd \u00fadaj v \u0148om zap\u00edsan\u00fd,<\/li>\n<li>pod\u013ea zobrazenia podoby tv\u00e1re v ob\u010dianskom preukaze nemo\u017eno identifikova\u0165 dr\u017eite\u013ea,<\/li>\n<li>ob\u010dan odovzdal pr\u00edslu\u0161n\u00e9mu \u00faradu svoj doteraj\u0161\u00ed ob\u010diansky preukaz pred skon\u010den\u00edm doby platnosti uvedenej v doteraj\u0161om ob\u010dianskom preukaze a bol mu za\u0148 vydan\u00fd nov\u00fd ob\u010diansky preukaz pod\u013ea \u00a7 7ods. 2 p\u00edsm. d) z\u00e1kona \u010d. 224\/2006 Z. z. o ob\u010dianskych preukazoch\u00a0v znen\u00ed neskor\u0161\u00edch predpisov.<\/li>\n<\/ul>\n<p>Pr\u00edslu\u0161n\u00e9 okresn\u00e9 riadite\u013estvo Policajn\u00e9ho zboru alebo pr\u00edslu\u0161n\u00edk Policajn\u00e9ho zboru je opr\u00e1vnen\u00fd od\u0148a\u0165 ob\u010diansky preukaz, ak je neplatn\u00fd z uveden\u00fdch d\u00f4vodov.<\/p>\n<\/div>\n<\/div>\n<\/div>\n","protected":false},"excerpt":{"rendered":"<p>Ob\u010diansky preukaz je neplatn\u00fd, ak ob\u010dan zomrel, bol vyhl\u00e1sen\u00fd za m\u0155tveho, stratil \u0161t\u00e1tne ob\u010dianstvo alebo ukon\u010dil trval\u00fd pobyt na \u00fazem\u00ed Slovenskej republiky, ob\u010dan stratil ob\u010diansky preukaz alebo ak mu bol odcudzen\u00fd a t\u00e1to skuto\u010dnos\u0165 bola ohl\u00e1sen\u00e1 pr\u00edslu\u0161n\u00e9mu \u00faradu alebo ktor\u00e9muko\u013evek \u00fatvaru Policajn\u00e9ho zboru, bol zni\u010den\u00fd alebo po\u0161koden\u00fd tak, \u017ee sa n\u00edm ned\u00e1 preukazova\u0165 toto\u017enos\u0165 alebo [&hellip;]<\/p>\n","protected":false},"author":1,"featured_media":0,"parent":8,"menu_order":7,"comment_status":"closed","ping_status":"closed","template":"","meta":{"spay_email":"","footnotes":""},"_links":{"self":[{"href":"https:\/\/preukaz.sk\/index.php\/wp-json\/wp\/v2\/pages\/83"}],"collection":[{"href":"https:\/\/preukaz.sk\/index.php\/wp-json\/wp\/v2\/pages"}],"about":[{"href":"https:\/\/preukaz.sk\/index.php\/wp-json\/wp\/v2\/types\/page"}],"author":[{"embeddable":true,"href":"https:\/\/preukaz.sk\/index.php\/wp-json\/wp\/v2\/users\/1"}],"replies":[{"embeddable":true,"href":"https:\/\/preukaz.sk\/index.php\/wp-json\/wp\/v2\/comments?post=83"}],"version-history":[{"count":1,"href":"https:\/\/preukaz.sk\/index.php\/wp-json\/wp\/v2\/pages\/83\/revisions"}],"predecessor-version":[{"id":651,"href":"https:\/\/preukaz.sk\/index.php\/wp-json\/wp\/v2\/pages\/83\/revisions\/651"}],"up":[{"embeddable":true,"href":"https:\/\/preukaz.sk\/index.php\/wp-json\/wp\/v2\/pages\/8"}],"wp:attachment":[{"href":"https:\/\/preukaz.sk\/index.php\/wp-json\/wp\/v2\/media?parent=83"}],"curies":[{"name":"wp","href":"https:\/\/api.w.org\/{rel}","templated":true}]}}